{"id":350,"date":"2020-11-01T11:37:40","date_gmt":"2020-11-01T10:37:40","guid":{"rendered":"http:\/\/mairie-splc.fr\/?page_id=350"},"modified":"2022-03-07T09:02:00","modified_gmt":"2022-03-07T08:02:00","slug":"la-resistance","status":"publish","type":"page","link":"https:\/\/mairie-splc.fr\/index.php\/expositions\/memoires-de-villages\/la-resistance\/","title":{"rendered":"La r\u00e9sistance."},"content":{"rendered":"\n<p>Depuis juin 1940 de nombreux r\u00e9fugi\u00e9s sont arriv\u00e9s en Corr\u00e8ze.<\/p>\n\n\n\n<p>Des actes de r\u00e9sistance sont commis d\u00e8s cette date : Distribution de tracts appelant \u00e0 la d\u00e9sob\u00e9issance et \u00e0 la r\u00e9sistance, actions de sabotage<\/p>\n\n\n\n<p>En 1943 instauration du Service du Travail Obligatoire. C&rsquo;est un recrutement forc\u00e9 qui oblige tous les jeunes \u00e2g\u00e9s de 18 ans ou plus \u00e0 aller travailler en Allemagne.<\/p>\n\n\n\n<p>Les 12 et 13 juillet 1943 sur les 360 jeunes corr\u00e9ziens enr\u00f4l\u00e9s pour partir en Allemagne, 20 seulement se pr\u00e9sentent \u00e0 la gare. Les Allemands sont furieux et d\u00e9ploient 1000 soldats nazis pour ratisser les bois de la r\u00e9gion \u00e0 la recherche des maquisards.<br><\/p>\n\n\n\n<p>Les st\u00e8les de St Pardoux la Croisille :<\/p>\n\n\n\n<figure class=\"wp-block-image size-large\"><img fetchpriority=\"high\" decoding=\"async\" width=\"734\" height=\"979\" src=\"https:\/\/mairie-splc.fr\/wp-content\/uploads\/2020\/11\/126_stele-Theillot.jpg\" alt=\"\" class=\"wp-image-332\" srcset=\"https:\/\/mairie-splc.fr\/wp-content\/uploads\/2020\/11\/126_stele-Theillot.jpg 734w, https:\/\/mairie-splc.fr\/wp-content\/uploads\/2020\/11\/126_stele-Theillot-225x300.jpg 225w\" sizes=\"(max-width: 734px) 100vw, 734px\" \/><\/figure>\n\n\n\n<p>Le 24 juin 1943 les gendarmes fran\u00e7ais veulent arr\u00eater Geoffroy Dechaume qui a dirig\u00e9 le COPA : Commandement Op\u00e9rationnel des Parachutages et Atterrissages de la r\u00e9gion cinq (avant Gilbert Bugeac). Pour l&rsquo;arr\u00eater, ils le font convoquer \u00e0 la poste de Marcillac, mais lui se cache dans le caf\u00e9 en face et comprend qu&rsquo;on lui tend un pi\u00e8ge. Il reste cach\u00e9. Les policiers vont alors \u00e0 son domicile au Theillot au moment o\u00f9 deux r\u00e9sistants (Albert Pommier et Raymond Duvignac ) viennent chercher Geoffroy Dechaume pour le cacher. Les gendarmes tirent et blessent Duvignac, Pommier le charge sur ses \u00e9paules et le tra\u00eene \u00e0 l&rsquo;abri. Il sera soign\u00e9 chez Madame Estivaux \u00e0 Gumont. Raymond Duvignac a pu reprendre du service mais est mort des suites de sa blessure en 1950.<\/p>\n\n\n\n<figure class=\"wp-block-image size-large\"><img decoding=\"async\" width=\"500\" height=\"531\" src=\"https:\/\/mairie-splc.fr\/wp-content\/uploads\/2020\/11\/122_stele-chemineaux.jpg\" alt=\"\" class=\"wp-image-333\" srcset=\"https:\/\/mairie-splc.fr\/wp-content\/uploads\/2020\/11\/122_stele-chemineaux.jpg 500w, https:\/\/mairie-splc.fr\/wp-content\/uploads\/2020\/11\/122_stele-chemineaux-282x300.jpg 282w\" sizes=\"(max-width: 500px) 100vw, 500px\" \/><\/figure>\n\n\n\n<p>St\u00e8le des Chemineaux\u00a0:<br>Le 10 juin 1944 l&rsquo;arm\u00e9e Das Reich venant des Jordes, apr\u00e8s plusieurs exactions, tue un jeune r\u00e9sistant inconnu et le d\u00e9pose au carrefour des chemineaux. Ce jeune homme est inhum\u00e9 au cimeti\u00e8re de St Pardoux.<\/p>\n\n\n\n<figure class=\"wp-block-image size-large\"><img decoding=\"async\" width=\"480\" height=\"480\" src=\"https:\/\/mairie-splc.fr\/wp-content\/uploads\/2020\/11\/125_stele-Theillet.jpg\" alt=\"\" class=\"wp-image-334\" srcset=\"https:\/\/mairie-splc.fr\/wp-content\/uploads\/2020\/11\/125_stele-Theillet.jpg 480w, https:\/\/mairie-splc.fr\/wp-content\/uploads\/2020\/11\/125_stele-Theillet-300x300.jpg 300w, https:\/\/mairie-splc.fr\/wp-content\/uploads\/2020\/11\/125_stele-Theillet-150x150.jpg 150w\" sizes=\"(max-width: 480px) 100vw, 480px\" \/><\/figure>\n\n\n\n<p>St\u00e8le de Theillet&nbsp;:<br>Le 24 mai 1943 installation du camp Guy M\u00f4quet, dirig\u00e9e par L\u00e9on Lanot \u00e0 Theillet. Pr\u00e8s de 100 jeunes y sont r\u00e9fugi\u00e9s dans des cabanes et des tentes. Le 25 juin 1943 ce camp d\u00e9nonc\u00e9, est \u00e9clat\u00e9 en diff\u00e9rents groupes dont une partie se r\u00e9fugie au Puy Chassagnou. En avril 44 une infirmerie puis l&rsquo;imprimerie du parti communiste sont cr\u00e9es \u00e0 Theillet.<\/p>\n\n\n\n<figure class=\"wp-block-image size-large\"><img loading=\"lazy\" decoding=\"async\" width=\"500\" height=\"511\" src=\"https:\/\/mairie-splc.fr\/wp-content\/uploads\/2020\/11\/123_stele-la-bessoule.jpg\" alt=\"\" class=\"wp-image-335\" srcset=\"https:\/\/mairie-splc.fr\/wp-content\/uploads\/2020\/11\/123_stele-la-bessoule.jpg 500w, https:\/\/mairie-splc.fr\/wp-content\/uploads\/2020\/11\/123_stele-la-bessoule-294x300.jpg 294w\" sizes=\"(max-width: 500px) 100vw, 500px\" \/><\/figure>\n\n\n\n<p>St\u00e8le du carrefour de La Bessoule et de Vessejoux :<br>Le 13 juillet 1943 au carrefour de la Bessoule Auguste Vangierdegom alias Rolland, jeune maquisard de 22 ans, est le premier F T P tu\u00e9 en Corr\u00e8ze.<\/p>\n\n\n\n<figure class=\"wp-block-image size-large\"><img loading=\"lazy\" decoding=\"async\" width=\"500\" height=\"500\" src=\"https:\/\/mairie-splc.fr\/wp-content\/uploads\/2020\/11\/124_stele-lantourne.jpg\" alt=\"\" class=\"wp-image-336\" srcset=\"https:\/\/mairie-splc.fr\/wp-content\/uploads\/2020\/11\/124_stele-lantourne.jpg 500w, https:\/\/mairie-splc.fr\/wp-content\/uploads\/2020\/11\/124_stele-lantourne-300x300.jpg 300w, https:\/\/mairie-splc.fr\/wp-content\/uploads\/2020\/11\/124_stele-lantourne-150x150.jpg 150w\" sizes=\"(max-width: 500px) 100vw, 500px\" \/><\/figure>\n\n\n\n<p>St\u00e8le du Pont de Lantourne&nbsp;: <br>Le 13 avril 1944, suite \u00e0 une embuscade o\u00f9 un groupe de soldats allemands est pris sous le feu des r\u00e9sistants, en repr\u00e9sailles, les allemands brulent la maison et les granges de Lantourne et une maison et trois granges au Noger.<\/p>\n\n\n\n<figure class=\"wp-block-image size-large\"><img loading=\"lazy\" decoding=\"async\" width=\"500\" height=\"437\" src=\"https:\/\/mairie-splc.fr\/wp-content\/uploads\/2020\/11\/121_stele-chateau-du-theil.jpg\" alt=\"\" class=\"wp-image-337\" srcset=\"https:\/\/mairie-splc.fr\/wp-content\/uploads\/2020\/11\/121_stele-chateau-du-theil.jpg 500w, https:\/\/mairie-splc.fr\/wp-content\/uploads\/2020\/11\/121_stele-chateau-du-theil-300x262.jpg 300w\" sizes=\"(max-width: 500px) 100vw, 500px\" \/><\/figure>\n\n\n\n<p>St\u00e8le du Theil&nbsp;: <br>Le commandement du Centre d&rsquo;Op\u00e9ration des Parachutages et Atterrissages pour la zone sud est log\u00e9 au ch\u00e2teau du Theil, appartenant \u00e0 Madame Butler, fille du Docteur Tulliste Aim\u00e9 Audubert. Le mat\u00e9riel radio qui sert \u00e0 communiquer avec Londres est install\u00e9 dans le grenier du ch\u00e2teau. Gilbert Bugeac est responsable du COPA de l&rsquo;\u00e9t\u00e9 1942 \u00e0 aout 1944.<\/p>\n\n\n\n<figure class=\"wp-block-image size-large\"><img loading=\"lazy\" decoding=\"async\" width=\"891\" height=\"500\" src=\"https:\/\/mairie-splc.fr\/wp-content\/uploads\/2020\/11\/imprimerie.jpg\" alt=\"\" class=\"wp-image-338\" srcset=\"https:\/\/mairie-splc.fr\/wp-content\/uploads\/2020\/11\/imprimerie.jpg 891w, https:\/\/mairie-splc.fr\/wp-content\/uploads\/2020\/11\/imprimerie-300x168.jpg 300w, https:\/\/mairie-splc.fr\/wp-content\/uploads\/2020\/11\/imprimerie-768x431.jpg 768w\" sizes=\"(max-width: 891px) 100vw, 891px\" \/><figcaption>Panneau au village de Theillet<\/figcaption><\/figure>\n\n\n\n<figure class=\"wp-block-gallery has-nested-images columns-default is-cropped wp-block-gallery-1 is-layout-flex wp-block-gallery-is-layout-flex\">\n<figure class=\"wp-block-image size-large\"><img loading=\"lazy\" decoding=\"async\" width=\"500\" height=\"731\" data-id=\"339\" src=\"https:\/\/mairie-splc.fr\/wp-content\/uploads\/2020\/11\/20160527120045537.jpg\" alt=\"\" class=\"wp-image-339\" srcset=\"https:\/\/mairie-splc.fr\/wp-content\/uploads\/2020\/11\/20160527120045537.jpg 500w, https:\/\/mairie-splc.fr\/wp-content\/uploads\/2020\/11\/20160527120045537-205x300.jpg 205w\" sizes=\"(max-width: 500px) 100vw, 500px\" \/><\/figure>\n\n\n\n<figure class=\"wp-block-image size-large\"><img loading=\"lazy\" decoding=\"async\" width=\"500\" height=\"518\" data-id=\"340\" src=\"https:\/\/mairie-splc.fr\/wp-content\/uploads\/2020\/11\/20160527120101096.jpg\" alt=\"\" class=\"wp-image-340\" srcset=\"https:\/\/mairie-splc.fr\/wp-content\/uploads\/2020\/11\/20160527120101096.jpg 500w, https:\/\/mairie-splc.fr\/wp-content\/uploads\/2020\/11\/20160527120101096-290x300.jpg 290w\" sizes=\"(max-width: 500px) 100vw, 500px\" \/><\/figure>\n\n\n\n<figure class=\"wp-block-image size-large\"><img loading=\"lazy\" decoding=\"async\" width=\"724\" height=\"1024\" data-id=\"343\" src=\"https:\/\/mairie-splc.fr\/wp-content\/uploads\/2020\/11\/carte-aliment-724x1024.jpg\" alt=\"\" class=\"wp-image-343\" srcset=\"https:\/\/mairie-splc.fr\/wp-content\/uploads\/2020\/11\/carte-aliment-724x1024.jpg 724w, https:\/\/mairie-splc.fr\/wp-content\/uploads\/2020\/11\/carte-aliment-212x300.jpg 212w, https:\/\/mairie-splc.fr\/wp-content\/uploads\/2020\/11\/carte-aliment.jpg 744w\" sizes=\"(max-width: 724px) 100vw, 724px\" \/><\/figure>\n\n\n\n<figure class=\"wp-block-image size-large\"><img loading=\"lazy\" decoding=\"async\" width=\"500\" height=\"320\" data-id=\"344\" src=\"https:\/\/mairie-splc.fr\/wp-content\/uploads\/2020\/11\/carte-alimentation-1946.jpg\" alt=\"\" class=\"wp-image-344\" srcset=\"https:\/\/mairie-splc.fr\/wp-content\/uploads\/2020\/11\/carte-alimentation-1946.jpg 500w, https:\/\/mairie-splc.fr\/wp-content\/uploads\/2020\/11\/carte-alimentation-1946-300x192.jpg 300w\" sizes=\"(max-width: 500px) 100vw, 500px\" \/><\/figure>\n\n\n\n<figure class=\"wp-block-image size-large\"><img loading=\"lazy\" decoding=\"async\" width=\"724\" height=\"1024\" data-id=\"345\" src=\"https:\/\/mairie-splc.fr\/wp-content\/uploads\/2020\/11\/carte-texile-724x1024.jpg\" alt=\"\" class=\"wp-image-345\" srcset=\"https:\/\/mairie-splc.fr\/wp-content\/uploads\/2020\/11\/carte-texile-724x1024.jpg 724w, https:\/\/mairie-splc.fr\/wp-content\/uploads\/2020\/11\/carte-texile-212x300.jpg 212w, https:\/\/mairie-splc.fr\/wp-content\/uploads\/2020\/11\/carte-texile.jpg 744w\" sizes=\"(max-width: 724px) 100vw, 724px\" \/><\/figure>\n\n\n\n<figure class=\"wp-block-image size-large\"><img loading=\"lazy\" decoding=\"async\" width=\"500\" height=\"384\" data-id=\"346\" src=\"https:\/\/mairie-splc.fr\/wp-content\/uploads\/2020\/11\/carte-textile.jpg\" alt=\"\" class=\"wp-image-346\" srcset=\"https:\/\/mairie-splc.fr\/wp-content\/uploads\/2020\/11\/carte-textile.jpg 500w, https:\/\/mairie-splc.fr\/wp-content\/uploads\/2020\/11\/carte-textile-300x230.jpg 300w\" sizes=\"(max-width: 500px) 100vw, 500px\" \/><\/figure>\n\n\n\n<figure class=\"wp-block-image size-large\"><img loading=\"lazy\" decoding=\"async\" width=\"500\" height=\"797\" data-id=\"347\" src=\"https:\/\/mairie-splc.fr\/wp-content\/uploads\/2020\/11\/declaration-de-deplacement-et-delevage-1945.jpg\" alt=\"\" class=\"wp-image-347\" srcset=\"https:\/\/mairie-splc.fr\/wp-content\/uploads\/2020\/11\/declaration-de-deplacement-et-delevage-1945.jpg 500w, https:\/\/mairie-splc.fr\/wp-content\/uploads\/2020\/11\/declaration-de-deplacement-et-delevage-1945-188x300.jpg 188w\" sizes=\"(max-width: 500px) 100vw, 500px\" \/><\/figure>\n<\/figure>\n","protected":false},"excerpt":{"rendered":"<p>Depuis juin 1940 de nombreux r\u00e9fugi\u00e9s sont arriv\u00e9s en Corr\u00e8ze. Des actes de r\u00e9sistance sont commis d\u00e8s cette date : Distribution de tracts appelant \u00e0 la d\u00e9sob\u00e9issance et \u00e0 la r\u00e9sistance, actions de sabotage En 1943 instauration du Service du Travail Obligatoire. C&rsquo;est un recrutement forc\u00e9 qui oblige tous les jeunes \u00e2g\u00e9s de 18 ans [&hellip;]<\/p>\n","protected":false},"author":1,"featured_media":0,"parent":134,"menu_order":3,"comment_status":"closed","ping_status":"closed","template":"","meta":{"site-sidebar-layout":"default","site-content-layout":"default","ast-site-content-layout":"default","site-content-style":"default","site-sidebar-style":"default","ast-global-header-display":"","ast-banner-title-visibility":"","ast-main-header-display":"","ast-hfb-above-header-display":"","ast-hfb-below-header-display":"","ast-hfb-mobile-header-display":"","site-post-title":"","ast-breadcrumbs-content":"","ast-featured-img":"","footer-sml-layout":"","ast-disable-related-posts":"","theme-transparent-header-meta":"default","adv-header-id-meta":"","stick-header-meta":"","header-above-stick-meta":"","header-main-stick-meta":"","header-below-stick-meta":"","astra-migrate-meta-layouts":"default","ast-page-background-enabled":"default","ast-page-background-meta":{"desktop":{"background-color":"","background-image":"","background-repeat":"repeat","background-position":"center center","background-size":"auto","background-attachment":"scroll","background-type":"","background-media":"","overlay-type":"","overlay-color":"","overlay-opacity":"","overlay-gradient":""},"tablet":{"background-color":"","background-image":"","background-repeat":"repeat","background-position":"center center","background-size":"auto","background-attachment":"scroll","background-type":"","background-media":"","overlay-type":"","overlay-color":"","overlay-opacity":"","overlay-gradient":""},"mobile":{"background-color":"","background-image":"","background-repeat":"repeat","background-position":"center center","background-size":"auto","background-attachment":"scroll","background-type":"","background-media":"","overlay-type":"","overlay-color":"","overlay-opacity":"","overlay-gradient":""}},"ast-content-background-meta":{"desktop":{"background-color":"var(--ast-global-color-5)","background-image":"","background-repeat":"repeat","background-position":"center center","background-size":"auto","background-attachment":"scroll","background-type":"","background-media":"","overlay-type":"","overlay-color":"","overlay-opacity":"","overlay-gradient":""},"tablet":{"background-color":"var(--ast-global-color-5)","background-image":"","background-repeat":"repeat","background-position":"center center","background-size":"auto","background-attachment":"scroll","background-type":"","background-media":"","overlay-type":"","overlay-color":"","overlay-opacity":"","overlay-gradient":""},"mobile":{"background-color":"var(--ast-global-color-5)","background-image":"","background-repeat":"repeat","background-position":"center center","background-size":"auto","background-attachment":"scroll","background-type":"","background-media":"","overlay-type":"","overlay-color":"","overlay-opacity":"","overlay-gradient":""}},"footnotes":""},"class_list":["post-350","page","type-page","status-publish","hentry"],"jetpack_sharing_enabled":true,"_links":{"self":[{"href":"https:\/\/mairie-splc.fr\/index.php\/wp-json\/wp\/v2\/pages\/350","targetHints":{"allow":["GET"]}}],"collection":[{"href":"https:\/\/mairie-splc.fr\/index.php\/wp-json\/wp\/v2\/pages"}],"about":[{"href":"https:\/\/mairie-splc.fr\/index.php\/wp-json\/wp\/v2\/types\/page"}],"author":[{"embeddable":true,"href":"https:\/\/mairie-splc.fr\/index.php\/wp-json\/wp\/v2\/users\/1"}],"replies":[{"embeddable":true,"href":"https:\/\/mairie-splc.fr\/index.php\/wp-json\/wp\/v2\/comments?post=350"}],"version-history":[{"count":3,"href":"https:\/\/mairie-splc.fr\/index.php\/wp-json\/wp\/v2\/pages\/350\/revisions"}],"predecessor-version":[{"id":790,"href":"https:\/\/mairie-splc.fr\/index.php\/wp-json\/wp\/v2\/pages\/350\/revisions\/790"}],"up":[{"embeddable":true,"href":"https:\/\/mairie-splc.fr\/index.php\/wp-json\/wp\/v2\/pages\/134"}],"wp:attachment":[{"href":"https:\/\/mairie-splc.fr\/index.php\/wp-json\/wp\/v2\/media?parent=350"}],"curies":[{"name":"wp","href":"https:\/\/api.w.org\/{rel}","templated":true}]}}