{"id":423,"date":"2021-05-31T09:33:43","date_gmt":"2021-05-31T07:33:43","guid":{"rendered":"http:\/\/mairie-splc.fr\/?page_id=423"},"modified":"2021-09-07T14:29:05","modified_gmt":"2021-09-07T12:29:05","slug":"curieux-monuments","status":"publish","type":"page","link":"https:\/\/mairie-splc.fr\/index.php\/expositions\/curieux-monuments\/","title":{"rendered":"Curieux monuments"},"content":{"rendered":"\n<p>apr\u00e8s le succ\u00e8s du Mus\u00e9e \u00e9ph\u00e9m\u00e8re install\u00e9 pendant l\u2019\u00e9t\u00e9 2019, la municipalit\u00e9 de Saint Pardoux, l\u2019Amicale la\u00efque, Peuple et Culture et l\u2019Ecole\u00a0Nationale Sup\u00e9rieure d\u2019Art de Limoges ont propos\u00e9 \u00e0 Zo\u00e9 Chantre et\u00a0Jean- Pierre Larroche de renouveler l\u2019aventure pour l\u2019\u00e9t\u00e9 2021<br>un nouveau projet est lanc\u00e9 :\u00a0<br><\/p>\n\n\n\n<p>les curieux monuments de Saint Pardoux sont sur le site de la compagnie,&nbsp;<a href=\"https:\/\/www.ateliers-du-spectacle.org\/saint-pardoux-2021\/\" target=\"_blank\" rel=\"noreferrer noopener\">https:\/\/www.ateliers-du-spectacle.org\/saint-pardoux-2021\/<\/a><\/p>\n\n\n\n<p><br><br>il y a d\u00e9j\u00e0 beaucoup (trop) d\u2019id\u00e9es :\u00a0<br><br>Un monuments aux champignons, au monde englouti (sous le lac), aux travailleurs ensevelis dans le barrage, au monde souterrain, aux joueurs de boules maladroits, au Beau site, au\u00a0centre de radio parachutages r\u00e9sistance du domaine du Theil, aux r\u00e9sistants, aux habitants vivants de Saint Pardoux, aux \u00ab c\u2019\u00e9tait mieux avant \u201d,\u00a0\u00a0\u00e0 Saint-Eutrope, aux \u00e9coles, \u00e0 la d\u00e9broussailleuse\u00a0silencieuse, au bricoleur du Dimanche, aux nouveaux venus \u00e0 venir, au futur proche, au futur lointain (Saint Pardoux en 2079 et 2387), aux exploits personnels, aux \u00e9v\u00e9nements myst\u00e9rieux, un\u00a0monument immerg\u00e9 sous l\u2019eau &#8211; hommage aux poissons de la rivi\u00e8re, un monument comestible, un monument sonore pour venir \u00e9couter le br\u00e2me du cerf,\u00a0\u00a0le plus petit monument (pour un insecte, un\u00a0petit objet, un gravier\u2026), un monument clandestin (il se cache, se d\u00e9place\u2026), un monument \u00e0 la noix\u2026<\/p>\n\n\n\n<p><a href=\"https:\/\/youtu.be\/VLA9oBkDkYk\" target=\"_blank\" rel=\"noreferrer noopener\">Zo\u00e9 Chantre et Jean Pierre Larroche pr\u00e9sentent dans une vid\u00e9o le projet <\/a><\/p>\n\n\n\n<figure class=\"wp-block-image size-large is-resized\"><a href=\"https:\/\/youtu.be\/VLA9oBkDkYk \"><img decoding=\"async\" src=\"https:\/\/mairie-splc.fr\/wp-content\/uploads\/2020\/11\/zoe\u0301jp.jpg\" alt=\"\" class=\"wp-image-425\" width=\"215\" height=\"161\" srcset=\"https:\/\/mairie-splc.fr\/wp-content\/uploads\/2020\/11\/zoe\u0301jp.jpg 860w, https:\/\/mairie-splc.fr\/wp-content\/uploads\/2020\/11\/zoe\u0301jp-300x225.jpg 300w, https:\/\/mairie-splc.fr\/wp-content\/uploads\/2020\/11\/zoe\u0301jp-768x575.jpg 768w\" sizes=\"(max-width: 215px) 100vw, 215px\" \/><\/a><\/figure>\n\n\n\n<p>D\u00e8s \u00e0 pr\u00e9sent vous pouvez apporter vos id\u00e9es et vos remarques &#8211; elles sont toutes les bienvenues<\/p>\n\n\n\n<p>Quel monument, provisoire ou p\u00e9renne, aimeriez-vous voir installer dans la commune ?<\/p>\n\n\n\n<p>Quels sont ceux que vous ne voudriez absolument pas rencontrer dans les rues du village ?<\/p>\n\n\n\n<p>Que voudriez-vous honorer ou comm\u00e9morer aujourd\u2019hui&nbsp; ?<\/p>\n\n\n\n<p>Peut-on et faut-il pouvoir rire d\u2019un monument ?<\/p>\n\n\n\n<p>Zo\u00e9 &#8211; Jean Pierre &#8211; &nbsp;06 85 92 76 18 &#8211; <a rel=\"noreferrer noopener\" href=\"mailto:jplarroche@gmail.com\" target=\"_blank\">jplarroche@gmail.com<\/a><\/p>\n\n\n\n<p>Des \u00e9tudiantes de l&rsquo;ENSA ont pr\u00e9par\u00e9 une belle affiche en couleur, elles peuvent \u00eatre fi\u00e8res de leur travail :<\/p>\n\n\n\n<figure class=\"wp-block-image size-large\"><img fetchpriority=\"high\" decoding=\"async\" width=\"1024\" height=\"768\" src=\"https:\/\/mairie-splc.fr\/wp-content\/uploads\/2021\/05\/fab-affiche-monuments-1024x768.jpg\" alt=\"\" class=\"wp-image-549\" srcset=\"https:\/\/mairie-splc.fr\/wp-content\/uploads\/2021\/05\/fab-affiche-monuments-1024x768.jpg 1024w, https:\/\/mairie-splc.fr\/wp-content\/uploads\/2021\/05\/fab-affiche-monuments-300x225.jpg 300w, https:\/\/mairie-splc.fr\/wp-content\/uploads\/2021\/05\/fab-affiche-monuments-768x576.jpg 768w, https:\/\/mairie-splc.fr\/wp-content\/uploads\/2021\/05\/fab-affiche-monuments-1536x1151.jpg 1536w, https:\/\/mairie-splc.fr\/wp-content\/uploads\/2021\/05\/fab-affiche-monuments.jpg 1969w\" sizes=\"(max-width: 1024px) 100vw, 1024px\" \/><\/figure>\n\n\n\n<div class=\"wp-block-jetpack-contact-info\">\n\n\n\n<\/div>\n","protected":false},"excerpt":{"rendered":"<p>apr\u00e8s le succ\u00e8s du Mus\u00e9e \u00e9ph\u00e9m\u00e8re install\u00e9 pendant l\u2019\u00e9t\u00e9 2019, la municipalit\u00e9 de Saint Pardoux, l\u2019Amicale la\u00efque, Peuple et Culture et l\u2019Ecole\u00a0Nationale Sup\u00e9rieure d\u2019Art de Limoges ont propos\u00e9 \u00e0 Zo\u00e9 Chantre et\u00a0Jean- Pierre Larroche de renouveler l\u2019aventure pour l\u2019\u00e9t\u00e9 2021un nouveau projet est lanc\u00e9 :\u00a0 les curieux monuments de Saint Pardoux sont sur le site [&hellip;]<\/p>\n","protected":false},"author":1,"featured_media":0,"parent":129,"menu_order":2,"comment_status":"closed","ping_status":"closed","template":"","meta":{"site-sidebar-layout":"default","site-content-layout":"default","ast-site-content-layout":"default","site-content-style":"default","site-sidebar-style":"default","ast-global-header-display":"","ast-banner-title-visibility":"","ast-main-header-display":"","ast-hfb-above-header-display":"","ast-hfb-below-header-display":"","ast-hfb-mobile-header-display":"","site-post-title":"","ast-breadcrumbs-content":"","ast-featured-img":"","footer-sml-layout":"","ast-disable-related-posts":"","theme-transparent-header-meta":"default","adv-header-id-meta":"","stick-header-meta":"","header-above-stick-meta":"","header-main-stick-meta":"","header-below-stick-meta":"","astra-migrate-meta-layouts":"default","ast-page-background-enabled":"default","ast-page-background-meta":{"desktop":{"background-color":"","background-image":"","background-repeat":"repeat","background-position":"center center","background-size":"auto","background-attachment":"scroll","background-type":"","background-media":"","overlay-type":"","overlay-color":"","overlay-opacity":"","overlay-gradient":""},"tablet":{"background-color":"","background-image":"","background-repeat":"repeat","background-position":"center center","background-size":"auto","background-attachment":"scroll","background-type":"","background-media":"","overlay-type":"","overlay-color":"","overlay-opacity":"","overlay-gradient":""},"mobile":{"background-color":"","background-image":"","background-repeat":"repeat","background-position":"center center","background-size":"auto","background-attachment":"scroll","background-type":"","background-media":"","overlay-type":"","overlay-color":"","overlay-opacity":"","overlay-gradient":""}},"ast-content-background-meta":{"desktop":{"background-color":"var(--ast-global-color-5)","background-image":"","background-repeat":"repeat","background-position":"center center","background-size":"auto","background-attachment":"scroll","background-type":"","background-media":"","overlay-type":"","overlay-color":"","overlay-opacity":"","overlay-gradient":""},"tablet":{"background-color":"var(--ast-global-color-5)","background-image":"","background-repeat":"repeat","background-position":"center center","background-size":"auto","background-attachment":"scroll","background-type":"","background-media":"","overlay-type":"","overlay-color":"","overlay-opacity":"","overlay-gradient":""},"mobile":{"background-color":"var(--ast-global-color-5)","background-image":"","background-repeat":"repeat","background-position":"center center","background-size":"auto","background-attachment":"scroll","background-type":"","background-media":"","overlay-type":"","overlay-color":"","overlay-opacity":"","overlay-gradient":""}},"footnotes":""},"class_list":["post-423","page","type-page","status-publish","hentry"],"jetpack_sharing_enabled":true,"_links":{"self":[{"href":"https:\/\/mairie-splc.fr\/index.php\/wp-json\/wp\/v2\/pages\/423","targetHints":{"allow":["GET"]}}],"collection":[{"href":"https:\/\/mairie-splc.fr\/index.php\/wp-json\/wp\/v2\/pages"}],"about":[{"href":"https:\/\/mairie-splc.fr\/index.php\/wp-json\/wp\/v2\/types\/page"}],"author":[{"embeddable":true,"href":"https:\/\/mairie-splc.fr\/index.php\/wp-json\/wp\/v2\/users\/1"}],"replies":[{"embeddable":true,"href":"https:\/\/mairie-splc.fr\/index.php\/wp-json\/wp\/v2\/comments?post=423"}],"version-history":[{"count":6,"href":"https:\/\/mairie-splc.fr\/index.php\/wp-json\/wp\/v2\/pages\/423\/revisions"}],"predecessor-version":[{"id":680,"href":"https:\/\/mairie-splc.fr\/index.php\/wp-json\/wp\/v2\/pages\/423\/revisions\/680"}],"up":[{"embeddable":true,"href":"https:\/\/mairie-splc.fr\/index.php\/wp-json\/wp\/v2\/pages\/129"}],"wp:attachment":[{"href":"https:\/\/mairie-splc.fr\/index.php\/wp-json\/wp\/v2\/media?parent=423"}],"curies":[{"name":"wp","href":"https:\/\/api.w.org\/{rel}","templated":true}]}}