{"id":430,"date":"2020-12-05T14:38:16","date_gmt":"2020-12-05T13:38:16","guid":{"rendered":"http:\/\/mairie-splc.fr\/?page_id=430"},"modified":"2022-02-12T08:36:39","modified_gmt":"2022-02-12T07:36:39","slug":"curieux-monuments-de-saint-pardoux-la-croisille","status":"publish","type":"page","link":"https:\/\/mairie-splc.fr\/index.php\/curieux-monuments-de-saint-pardoux-la-croisille\/","title":{"rendered":"Curieux monuments de Saint Pardoux la Croisille&#8230;"},"content":{"rendered":"\n<div class=\"wp-block-image\"><figure class=\"aligncenter size-large\"><img fetchpriority=\"high\" decoding=\"async\" width=\"597\" height=\"1024\" src=\"https:\/\/mairie-splc.fr\/wp-content\/uploads\/2021\/07\/fly_CM_SPLC2-597x1024.jpg\" alt=\"\" class=\"wp-image-582\" srcset=\"https:\/\/mairie-splc.fr\/wp-content\/uploads\/2021\/07\/fly_CM_SPLC2-597x1024.jpg 597w, https:\/\/mairie-splc.fr\/wp-content\/uploads\/2021\/07\/fly_CM_SPLC2-175x300.jpg 175w, https:\/\/mairie-splc.fr\/wp-content\/uploads\/2021\/07\/fly_CM_SPLC2-768x1318.jpg 768w, https:\/\/mairie-splc.fr\/wp-content\/uploads\/2021\/07\/fly_CM_SPLC2-895x1536.jpg 895w, https:\/\/mairie-splc.fr\/wp-content\/uploads\/2021\/07\/fly_CM_SPLC2-1194x2048.jpg 1194w, https:\/\/mairie-splc.fr\/wp-content\/uploads\/2021\/07\/fly_CM_SPLC2-scaled.jpg 1492w\" sizes=\"(max-width: 597px) 100vw, 597px\" \/><\/figure><\/div>\n\n\n\n<p>Peuple et culture, la commune de Saint Pardoux la Croisille, et son Amicale la\u00efque avaient appel\u00e9&nbsp;Zo\u00e9 Chantre et Jean Pierre Larroche pour transformer&nbsp;avec eux leur village, le temps de l\u2019\u00e9t\u00e9 2019, en <a href=\"https:\/\/www.ateliers-du-spectacle.org\/saint-pardoux\/\">Mus\u00e9e \u00e9ph\u00e9m\u00e8re<\/a>. <\/p>\n\n\n\n<h4 class=\"wp-block-heading\" id=\"l-inauguration-des-curieux-monuments-une-video-de-zoe-chantre\"><a href=\"https:\/\/youtu.be\/l98avsTUzAY\" target=\"_blank\" rel=\"noreferrer noopener\">L&rsquo;inauguration des Curieux monuments (une vid\u00e9o de Zo\u00e9 Chantre)<\/a><\/h4>\n\n\n\n<figure class=\"wp-block-image size-large\"><a href=\"https:\/\/youtu.be\/l98avsTUzAY\" target=\"_blank\" rel=\"noopener\"><img decoding=\"async\" width=\"1024\" height=\"576\" src=\"https:\/\/mairie-splc.fr\/wp-content\/uploads\/2022\/01\/Sans-titre-0-1024x576.jpg\" alt=\"\" class=\"wp-image-745\" srcset=\"https:\/\/mairie-splc.fr\/wp-content\/uploads\/2022\/01\/Sans-titre-0-1024x576.jpg 1024w, https:\/\/mairie-splc.fr\/wp-content\/uploads\/2022\/01\/Sans-titre-0-300x169.jpg 300w, https:\/\/mairie-splc.fr\/wp-content\/uploads\/2022\/01\/Sans-titre-0-768x432.jpg 768w, https:\/\/mairie-splc.fr\/wp-content\/uploads\/2022\/01\/Sans-titre-0.jpg 1188w\" sizes=\"(max-width: 1024px) 100vw, 1024px\" \/><\/a><\/figure>\n\n\n\n<h4 class=\"wp-block-heading\" id=\"les-exploits-personnels-de-saint-pardoux\">Les exploits personnels de Saint-Pardoux :<\/h4>\n\n\n\n<figure class=\"wp-block-image size-full\"><a href=\"https:\/\/www.ateliers-du-spectacle.org\/Videos\/CommunicationJP\/SaintPardoux2\/1.mp4\" target=\"_blank\" rel=\"noopener\"><img decoding=\"async\" width=\"906\" height=\"582\" src=\"https:\/\/mairie-splc.fr\/wp-content\/uploads\/2022\/01\/Sans-titre-1.jpg\" alt=\"\" class=\"wp-image-746\" srcset=\"https:\/\/mairie-splc.fr\/wp-content\/uploads\/2022\/01\/Sans-titre-1.jpg 906w, https:\/\/mairie-splc.fr\/wp-content\/uploads\/2022\/01\/Sans-titre-1-300x193.jpg 300w, https:\/\/mairie-splc.fr\/wp-content\/uploads\/2022\/01\/Sans-titre-1-768x493.jpg 768w\" sizes=\"(max-width: 906px) 100vw, 906px\" \/><\/a><\/figure>\n\n\n\n<p><strong><a href=\"https:\/\/www.ateliers-du-spectacle.org\/Videos\/CommunicationJP\/SaintPardoux2\/1.mp4\">Avoir un app\u00e9tit de loup<br>L\u2019\u00e9plucher d\u2019un seul coup<br>Refaire sa cuisine soi-m\u00eame<br>Avoir imagin\u00e9 la plus grande chemin\u00e9e de Saint-Pardoux<\/a><\/strong><\/p>\n\n\n\n<figure class=\"wp-block-image size-full\"><a href=\"https:\/\/www.ateliers-du-spectacle.org\/Videos\/CommunicationJP\/SaintPardoux2\/2.mp4\" target=\"_blank\" rel=\"noopener\"><img loading=\"lazy\" decoding=\"async\" width=\"908\" height=\"584\" src=\"https:\/\/mairie-splc.fr\/wp-content\/uploads\/2022\/01\/Sans-titre-2.jpg\" alt=\"\" class=\"wp-image-747\" srcset=\"https:\/\/mairie-splc.fr\/wp-content\/uploads\/2022\/01\/Sans-titre-2.jpg 908w, https:\/\/mairie-splc.fr\/wp-content\/uploads\/2022\/01\/Sans-titre-2-300x193.jpg 300w, https:\/\/mairie-splc.fr\/wp-content\/uploads\/2022\/01\/Sans-titre-2-768x494.jpg 768w\" sizes=\"(max-width: 908px) 100vw, 908px\" \/><\/a><\/figure>\n\n\n\n<p><strong><a href=\"https:\/\/www.ateliers-du-spectacle.org\/Videos\/CommunicationJP\/SaintPardoux2\/2.mp4\" target=\"_blank\" rel=\"noreferrer noopener\">La fiert\u00e9 de ma ferme<br>La fendre d\u2019un seul coup<br>Apprivoiser son tracteur<br>Ma\u00eetriser le geste du ma\u00e7on parfaitement<\/a><\/strong><\/p>\n\n\n\n<figure class=\"wp-block-image size-full\"><a href=\"https:\/\/www.ateliers-du-spectacle.org\/Videos\/CommunicationJP\/SaintPardoux2\/3.mp4\" target=\"_blank\" rel=\"noopener\"><img loading=\"lazy\" decoding=\"async\" width=\"908\" height=\"581\" src=\"https:\/\/mairie-splc.fr\/wp-content\/uploads\/2022\/01\/Sans-titre-3.jpg\" alt=\"\" class=\"wp-image-748\" srcset=\"https:\/\/mairie-splc.fr\/wp-content\/uploads\/2022\/01\/Sans-titre-3.jpg 908w, https:\/\/mairie-splc.fr\/wp-content\/uploads\/2022\/01\/Sans-titre-3-300x192.jpg 300w, https:\/\/mairie-splc.fr\/wp-content\/uploads\/2022\/01\/Sans-titre-3-768x491.jpg 768w\" sizes=\"(max-width: 908px) 100vw, 908px\" \/><\/a><\/figure>\n\n\n\n<p><strong><a href=\"https:\/\/www.ateliers-du-spectacle.org\/Videos\/CommunicationJP\/SaintPardoux2\/3.mp4\" target=\"_blank\" rel=\"noreferrer noopener\">Gagner un quiz improbable<br>Faire tenir des insectes dans la main des Parisiens<br>Avoir un pouvoir dans ses mains<\/a><\/strong><\/p>\n\n\n\n<figure class=\"wp-block-image size-full\"><a href=\"https:\/\/www.ateliers-du-spectacle.org\/Videos\/CommunicationJP\/SaintPardoux2\/4.mp4\" target=\"_blank\" rel=\"noopener\"><img loading=\"lazy\" decoding=\"async\" width=\"903\" height=\"589\" src=\"https:\/\/mairie-splc.fr\/wp-content\/uploads\/2022\/01\/Sans-titre-4.jpg\" alt=\"\" class=\"wp-image-749\" srcset=\"https:\/\/mairie-splc.fr\/wp-content\/uploads\/2022\/01\/Sans-titre-4.jpg 903w, https:\/\/mairie-splc.fr\/wp-content\/uploads\/2022\/01\/Sans-titre-4-300x196.jpg 300w, https:\/\/mairie-splc.fr\/wp-content\/uploads\/2022\/01\/Sans-titre-4-768x501.jpg 768w\" sizes=\"(max-width: 903px) 100vw, 903px\" \/><\/a><\/figure>\n\n\n\n<p><strong><a href=\"https:\/\/www.ateliers-du-spectacle.org\/Videos\/CommunicationJP\/SaintPardoux2\/4.mp4\" target=\"_blank\" rel=\"noreferrer noopener\">Mon caf\u00e9-brocante<br>Donner du r\u00e9confort<br>Prendre son envol<br>Avoir fait des meubles toute sa vie<br>Apprendre le tour \u00e0 bois<\/a><\/strong><\/p>\n\n\n\n<figure class=\"wp-block-image size-full\"><a href=\"https:\/\/www.ateliers-du-spectacle.org\/Videos\/CommunicationJP\/SaintPardoux2\/5.mp4\" target=\"_blank\" rel=\"noopener\"><img loading=\"lazy\" decoding=\"async\" width=\"911\" height=\"587\" src=\"https:\/\/mairie-splc.fr\/wp-content\/uploads\/2022\/01\/Sans-titre-5.jpg\" alt=\"\" class=\"wp-image-751\" srcset=\"https:\/\/mairie-splc.fr\/wp-content\/uploads\/2022\/01\/Sans-titre-5.jpg 911w, https:\/\/mairie-splc.fr\/wp-content\/uploads\/2022\/01\/Sans-titre-5-300x193.jpg 300w, https:\/\/mairie-splc.fr\/wp-content\/uploads\/2022\/01\/Sans-titre-5-768x495.jpg 768w\" sizes=\"(max-width: 911px) 100vw, 911px\" \/><\/a><\/figure>\n\n\n\n<p><strong><a href=\"https:\/\/www.ateliers-du-spectacle.org\/Videos\/CommunicationJP\/SaintPardoux2\/5.mp4\" target=\"_blank\" rel=\"noreferrer noopener\">Avoir \u00e9t\u00e9 recluse dans les bois de Jojo<br>Piquer un bout de crevette sans qu\u2019on me voit<br>S\u2019improviser facteur de fl\u00fbte PVC<br>Arriver \u00e0 filmer la biche depuis ma voiture<br>Avoir une maison b\u00e2tie sur des renforts du XVIe si\u00e8cle<\/a><\/strong><\/p>\n\n\n\n<figure class=\"wp-block-image size-full\"><a href=\"https:\/\/www.ateliers-du-spectacle.org\/Videos\/CommunicationJP\/SaintPardoux2\/6.mp4\" target=\"_blank\" rel=\"noopener\"><img loading=\"lazy\" decoding=\"async\" width=\"910\" height=\"584\" src=\"https:\/\/mairie-splc.fr\/wp-content\/uploads\/2022\/01\/Sans-titre-6.jpg\" alt=\"\" class=\"wp-image-750\" srcset=\"https:\/\/mairie-splc.fr\/wp-content\/uploads\/2022\/01\/Sans-titre-6.jpg 910w, https:\/\/mairie-splc.fr\/wp-content\/uploads\/2022\/01\/Sans-titre-6-300x193.jpg 300w, https:\/\/mairie-splc.fr\/wp-content\/uploads\/2022\/01\/Sans-titre-6-768x493.jpg 768w\" sizes=\"(max-width: 910px) 100vw, 910px\" \/><\/a><\/figure>\n\n\n\n<p><strong><a href=\"https:\/\/www.ateliers-du-spectacle.org\/Videos\/CommunicationJP\/SaintPardoux2\/6.mp4\" target=\"_blank\" rel=\"noreferrer noopener\">Avoir fait danser plein de monde<br>Tenir le plus grand papillon d\u2019Europe dans sa main<br>Ne jamais perdre son chewing-gum en route<br>Faire sonner la cloche de l\u2019\u00e9glise<\/a><\/strong><\/p>\n\n\n\n<p><br><strong>Nous avons  demand\u00e9 \u00e0 ces deux artistes de renouveler l\u2019aventure pour l\u2019\u00e9t\u00e9 2021.<\/strong> <a href=\"https:\/\/mairie-splc.fr\/wp-content\/uploads\/2021\/01\/Avis_jan2021.pdf\">(en savoir plus)<\/a><br>Zo\u00e9 Chantre et Jean-Pierre Larroche <a href=\"https:\/\/mairie-splc.fr\/wp-content\/uploads\/2021\/01\/Avis_jan2021.pdf\"><img loading=\"lazy\" decoding=\"async\" width=\"150\" height=\"112\" class=\"wp-image-425\" style=\"width: 150px;\" src=\"https:\/\/mairie-splc.fr\/wp-content\/uploads\/2020\/11\/zoe\u0301jp.jpg\" alt=\"\" srcset=\"https:\/\/mairie-splc.fr\/wp-content\/uploads\/2020\/11\/zoe\u0301jp.jpg 860w, https:\/\/mairie-splc.fr\/wp-content\/uploads\/2020\/11\/zoe\u0301jp-300x225.jpg 300w, https:\/\/mairie-splc.fr\/wp-content\/uploads\/2020\/11\/zoe\u0301jp-768x575.jpg 768w\" sizes=\"(max-width: 150px) 100vw, 150px\" \/><\/a><\/p>\n\n\n\n<p><\/p>\n\n\n\n<p>Rejoints aujourd\u2019hui par C\u00e9line Diez \u2013 sc\u00e9nographes, Marc Sollogoub \u2013 musicien, ils ont renouvel\u00e9 l\u2019aventure avec les : <br><em><strong>Curieux monuments de Saint-Pardoux<\/strong><\/em> <strong>du 14 juillet au 30 septembre 2021<\/strong><\/p>\n\n\n\n<figure class=\"wp-block-image size-large\"><a href=\"https:\/\/mairie-splc.fr\/wp-content\/uploads\/2021\/07\/la-montagne_14_07_2021-scaled.jpg\" target=\"_blank\" rel=\"ouvrir l&#039;article noopener\"><img loading=\"lazy\" decoding=\"async\" width=\"1024\" height=\"793\" src=\"https:\/\/mairie-splc.fr\/wp-content\/uploads\/2021\/07\/la-montagne_14_07_2021-1024x793.jpg\" alt=\"\" class=\"wp-image-583\" srcset=\"https:\/\/mairie-splc.fr\/wp-content\/uploads\/2021\/07\/la-montagne_14_07_2021-1024x793.jpg 1024w, https:\/\/mairie-splc.fr\/wp-content\/uploads\/2021\/07\/la-montagne_14_07_2021-300x232.jpg 300w, https:\/\/mairie-splc.fr\/wp-content\/uploads\/2021\/07\/la-montagne_14_07_2021-768x595.jpg 768w, https:\/\/mairie-splc.fr\/wp-content\/uploads\/2021\/07\/la-montagne_14_07_2021-1536x1189.jpg 1536w, https:\/\/mairie-splc.fr\/wp-content\/uploads\/2021\/07\/la-montagne_14_07_2021-2048x1586.jpg 2048w\" sizes=\"(max-width: 1024px) 100vw, 1024px\" \/><\/a><\/figure>\n\n\n\n<p><a rel=\"noreferrer noopener\" href=\"https:\/\/youtu.be\/VLA9oBkDkYk\" target=\"_blank\">Zo\u00e9 Chantre et Jean Pierre Larroche pr\u00e9sentent dans une vid\u00e9o le projet<\/a><br>Ce nouveau projet propose de semer en tous sens des monuments \u00e9ph\u00e9m\u00e8res \u00e0 travers tout le village. Ils ont tous fait l\u2019objet d\u2019inaugurations publiques, majoritairement sonnantes et probablement tr\u00e9buchantes : chorales de tout poils, fanfares improvis\u00e9es, hymnes solennels\u2026<\/p>\n\n\n\n<p>Ces monuments ont des formes tr\u00e8s diff\u00e9rentes &#8211; plaque, inscription, statue, ruine, collections, monument enfoui, cach\u00e9, sonore\u2026 ils c\u00e9l\u00e9breront ensemble des tr\u00e9sors minuscules ou gigantesques, intangibles, \u00e9ph\u00e9m\u00e8res, dr\u00f4les, p\u00e9rissables, fragiles, myst\u00e9rieux.<\/p>\n\n\n\n<p><mark style=\"background-color:rgba(0, 0, 0, 0)\" class=\"has-inline-color has-cyan-bluish-gray-color\">NOUS REMERCIONS POUR LEUR PARTICIPATION ACTIVE LES HABITANTS DE LA COMMUNE ET D\u2019AILLEURS :<br>CLARA ACHOUR, DEBORAH ET PASCAL ADAM, CHRISTOPHE ADNOT, CLAUDINE ADNOT,<br>JEAN-PIERRE ALAZAR, MARIE ET DOMINIQUE ALBARET ET NA\u00cbL, LYLOO ANH, ANDR\u00c9<br>ARMAND, CHRISTIANE AUBERTY, MURIEL AUBERTY, MARIE ET JEAN YVES AUDRERIE, JOSIANE BARRI\u00c8RE, NATHALIE BECOT, JULIE BESTION DE CAMBOULAS, DOMINIQUE ET CATHY BIDAULT, CARINE ET JEAN-LUC BOUYGES, CHRISTINE BOUYGES, LUCETTE BOUYGES, BRUNO BRUT, PHILIPPE CHANTRE, \u00c9LISABETH CHANTRE, MICHA\u00cbL CHOUQUET, ALAIN COLON, J\u00c9R\u00d4ME COMBABESSOU, MARTINE ET JEAN-PAUL COURTEIX, CECILE FAUCHE, BALTHAZAR DANINOS, MARTINE DEMARET, RAPHA\u00cbLLE DE SEILHAC, JACQUELINE ET GEORGES DUMAS, JEAN PHILIPPE ENTE, CORINE ET G\u00c9RARD FAISY, GIULIA FITTANTE, JEANNE GAILHOUSTET, YANN GAUTIER, NINA GOYARD, SARAH GOYARD, CHRISTINE GEFFRAULT-DESFORGES, GERARD ET BEATRICE HACQUARD, SILVIA HERVOUET C\u00c9LINE LAFARGE, HUGO LANG, PHILIPPE ET V\u00c9RONIQUE LECOINTE, JOEL LIAGRE, LAURA MERGONI, RAYMONDE MIGINIAC, SYLVIE ET CHRISTIAN MIGINIAC, NO\u00c9MIE PAPIN FOLI, ALEXANDRA PIANELLI, CLAIRE ET DIDIER PEYRAMAURE, MICH\u00c8LE POURTIER, NICOLE PRADOUX, LIONEL RIB\u00c9ROL, FLORENCE ROCHE, MONIQUE ET JEAN-PIERRE ROUBERTOU, H\u00c9L\u00c8NE SAMZUN, NICOLAS SAUVAT, GUILHEM SAUVAT, AGN\u00c8S ET JEAN-PIERRE T\u00c9CL\u00c8S, FR\u00c9D\u00c9RIQUE ET ALAIN THEIL, JULIEN THEIL, NELLY TROIVILLE, SIMONE VEYSSI\u00c8RE, ALAIN VEYSSET, LOU VOSGES, PHILIPPE WAKIM, FRAN\u00c7OISE WIDHOFF, LA R\u00c9UNION DES TRICOTEUSES TRAVAILLANT \u00c0 LA MELC DE COURDIMANCHE JO\u00cbLLE, CHRISTELLE ET COLETTE DU CLUB DES PIPELETTES DE LAPLEAU<br>DAVID MOLTEAU, DAVID CHADELAUD, SERGE HULPUSCH ET MAN\u00c9E TEYSSANDIER DE PEUPLE ET CULTURE<br>LES \u00c9TUDIANTES ET \u00c9TUDIANTS :<br>LOUANNE LEPORATI CARDONA, JEANNE VIEBAN, LINXI LI, JEANNE FILLION, MARGUERITE SAUGIER<br>CHLOE JOB, CHARLINE KAMAL, MA\u00cbL LE GALL, JUHYEON LEE, SOOJIN LEE, PUREUN LEE, PARK SEOK WON LEE, LOLA LEGRAS WILMART, AGATHE LEPROUX, ETIENNE LORENTE, JULIE MATLOSZ, CHLOE MESMIN, MANCE MOUSSON, GEUMBEEN NOH, MARGAUX PELE, BETTY PINABEL, CHARLES-AUGUSTE POULET, JIMMY SAMSON,<br>ANGELE VERHAEGHE, XIAOTONG WANG, YUHAN XU, WOOBIN YANG, ABOUBACAR YATTARA<br>ETIENNE TORTOSA ET JESSY DEROGY &#8211; CHEF.FE.S D\u2019ATELIER,<br>FABRICE CARAVACA &#8211; ENSEIGNANT &#8211; CHIARA PALERMO &#8211; DIRECTRICE DES \u00c9TUDES DE L\u2019ENSA<br>LES ENFANTS DES \u00c9COLES :<br>BERTILLE, LUCAS, MATHEO, TIMEO, ETIENNE, MAGGY, GABIN, LYSE, AXELLE, FANNY, L\u00c9NA, LOUAN, L\u00c9A, LUCIE, NO\u00c9MIE, LOAN, NATHAN, CATEAU, ENZIO, DIANE, EMMA, SARAH, L\u00c9ON, MARCEAU, NO\u00cbLIE, L\u00c9A, ANA\u00cfS, FAUSTINE, ANA\u00cfS, MATH\u00c9O, NOAH, TOM, L\u00c9ONIE, CLARA, L\u00c9ANA, LUCAS, ANTON, ROD\u00c9RIK, LOUNA, DORIAN, LOUISE, SOHAN, MAELYCE, YANNIS, GA\u00cbTAN, ARNO, L\u00c9ONTINE, LILOU, AMBRE, LO\u00cfC, M\u00c9LANIE, SARAH, LOANE<br>ET LEURS INSTITUTRICES :<br>LAETITIA DUCLAUX, SANDRA FAUCHER, KARIN PIGEAUD<br>CFA LES 13 VENTS, CANOP\u00c9 19<br>LA SOCI\u00c9T\u00c9 LES ATELIERS DU SPECTACLE \u00c0 AUBERVILLIERS (ATELIER DE CONSTRUCTION POUR LE SPECTACLE)<br>LA COMMUNE ET L\u2019AMICALE LA\u00cfQUE DE SAINT PARDOUX LA CROISILLE (EN CORREZE),<br>PEUPLE ET CULTURE, L\u2019\u00c9COLE NATIONALE SUP\u00c9RIEURE D\u2019ART DE LIMOGES AVEC LE SOUTIEN DE TULLE AGGLO ET DE LA DRAC ET LA REGION NOUVELLE &#8211; AQUITAINE<\/mark><\/p>\n\n\n\n<p>Pour l\u2019inauguration des \u00ab\u00a0Curieux monuments\u00a0\u00bb,  le 14&nbsp;juillet toute la journ\u00e9e, le musicien Marc Sollogoub a compos\u00e9 et orchestr\u00e9 diverses chansons et ritournelles. L\u2019une par exemple \u00e0 partir de l\u2019\u00e9cole r\u00eav\u00e9e par les \u00e9l\u00e8ves de CP-CE1 du RPI.<br><\/p>\n\n\n\n<p><\/p>\n\n\n\n<p><\/p>\n\n\n\n<p><\/p>\n\n\n\n<figure class=\"wp-block-image size-large\"><a href=\"https:\/\/mairie-splc.fr\/wp-content\/uploads\/2021\/06\/La-Montagne-Curieux-monuments-scaled.jpg\" target=\"_blank\" rel=\"noopener\"><img decoding=\"async\" src=\"https:\/\/mairie-splc.fr\/wp-content\/uploads\/2021\/05\/La-Montagne-Curieux-monuments-scaled.jpg\" alt=\"\"\/><\/a><\/figure>\n\n\n\n<figure class=\"wp-block-image size-large\"><img loading=\"lazy\" decoding=\"async\" width=\"1024\" height=\"768\" src=\"https:\/\/mairie-splc.fr\/wp-content\/uploads\/2021\/05\/fab-affiche-monuments-1024x768.jpg\" alt=\"\" class=\"wp-image-549\" srcset=\"https:\/\/mairie-splc.fr\/wp-content\/uploads\/2021\/05\/fab-affiche-monuments-1024x768.jpg 1024w, https:\/\/mairie-splc.fr\/wp-content\/uploads\/2021\/05\/fab-affiche-monuments-300x225.jpg 300w, https:\/\/mairie-splc.fr\/wp-content\/uploads\/2021\/05\/fab-affiche-monuments-768x576.jpg 768w, https:\/\/mairie-splc.fr\/wp-content\/uploads\/2021\/05\/fab-affiche-monuments-1536x1151.jpg 1536w, https:\/\/mairie-splc.fr\/wp-content\/uploads\/2021\/05\/fab-affiche-monuments.jpg 1969w\" sizes=\"(max-width: 1024px) 100vw, 1024px\" \/><figcaption>Des \u00e9tudiantes de l&rsquo;ENSA ont pr\u00e9par\u00e9 l&rsquo;affiche en couleur, elles peuvent \u00eatre fi\u00e8res de leur travail<\/figcaption><\/figure>\n\n\n\n<figure class=\"wp-block-image size-large\"><img loading=\"lazy\" decoding=\"async\" width=\"1024\" height=\"682\" src=\"https:\/\/mairie-splc.fr\/wp-content\/uploads\/2021\/07\/cour-ecole30-1024x682.jpg\" alt=\"\" class=\"wp-image-593\" srcset=\"https:\/\/mairie-splc.fr\/wp-content\/uploads\/2021\/07\/cour-ecole30-1024x682.jpg 1024w, https:\/\/mairie-splc.fr\/wp-content\/uploads\/2021\/07\/cour-ecole30-300x200.jpg 300w, https:\/\/mairie-splc.fr\/wp-content\/uploads\/2021\/07\/cour-ecole30-768x512.jpg 768w, https:\/\/mairie-splc.fr\/wp-content\/uploads\/2021\/07\/cour-ecole30.jpg 1094w\" sizes=\"(max-width: 1024px) 100vw, 1024px\" \/><\/figure>\n\n\n\n<figure class=\"wp-block-image size-large\"><img loading=\"lazy\" decoding=\"async\" width=\"1024\" height=\"682\" src=\"https:\/\/mairie-splc.fr\/wp-content\/uploads\/2021\/07\/enfants-ecole30-1024x682.jpg\" alt=\"\" class=\"wp-image-594\" srcset=\"https:\/\/mairie-splc.fr\/wp-content\/uploads\/2021\/07\/enfants-ecole30-1024x682.jpg 1024w, https:\/\/mairie-splc.fr\/wp-content\/uploads\/2021\/07\/enfants-ecole30-300x200.jpg 300w, https:\/\/mairie-splc.fr\/wp-content\/uploads\/2021\/07\/enfants-ecole30-768x512.jpg 768w, https:\/\/mairie-splc.fr\/wp-content\/uploads\/2021\/07\/enfants-ecole30.jpg 1094w\" sizes=\"(max-width: 1024px) 100vw, 1024px\" \/><\/figure>\n\n\n\n<p>Marc Sollogoub lance les inaugurations des curieux monuments avec le monument aux \u00e9coles r\u00e9alis\u00e9 par les enfants de la classe de St Pardoux.<\/p>\n\n\n\n<figure class=\"wp-block-image size-large\"><img loading=\"lazy\" decoding=\"async\" width=\"1024\" height=\"682\" src=\"https:\/\/mairie-splc.fr\/wp-content\/uploads\/2021\/07\/rue30-1024x682.jpg\" alt=\"\" class=\"wp-image-595\" srcset=\"https:\/\/mairie-splc.fr\/wp-content\/uploads\/2021\/07\/rue30-1024x682.jpg 1024w, https:\/\/mairie-splc.fr\/wp-content\/uploads\/2021\/07\/rue30-300x200.jpg 300w, https:\/\/mairie-splc.fr\/wp-content\/uploads\/2021\/07\/rue30-768x512.jpg 768w, https:\/\/mairie-splc.fr\/wp-content\/uploads\/2021\/07\/rue30.jpg 1094w\" sizes=\"(max-width: 1024px) 100vw, 1024px\" \/><figcaption>Visite des curieux monuments dans les rues de St Pardoux<\/figcaption><\/figure>\n\n\n\n<figure class=\"wp-block-image size-large\"><img loading=\"lazy\" decoding=\"async\" width=\"1024\" height=\"682\" src=\"https:\/\/mairie-splc.fr\/wp-content\/uploads\/2021\/07\/videos-eglise30-1024x682.jpg\" alt=\"\" class=\"wp-image-596\" srcset=\"https:\/\/mairie-splc.fr\/wp-content\/uploads\/2021\/07\/videos-eglise30-1024x682.jpg 1024w, https:\/\/mairie-splc.fr\/wp-content\/uploads\/2021\/07\/videos-eglise30-300x200.jpg 300w, https:\/\/mairie-splc.fr\/wp-content\/uploads\/2021\/07\/videos-eglise30-768x512.jpg 768w, https:\/\/mairie-splc.fr\/wp-content\/uploads\/2021\/07\/videos-eglise30.jpg 1094w\" sizes=\"(max-width: 1024px) 100vw, 1024px\" \/><figcaption>Zo\u00e9 Chantre a r\u00e9alis\u00e9 des petits cours m\u00e9trages vid\u00e9o \u00e0 partir de ses rencontres avec les habitants, des tablettes permettent de les visionner dans l&rsquo;\u00e9glise de St Pardoux.<\/figcaption><\/figure>\n\n\n\n<figure class=\"wp-block-image size-large\"><img loading=\"lazy\" decoding=\"async\" width=\"1024\" height=\"682\" src=\"https:\/\/mairie-splc.fr\/wp-content\/uploads\/2021\/07\/trio30-1024x682.jpg\" alt=\"\" class=\"wp-image-598\" srcset=\"https:\/\/mairie-splc.fr\/wp-content\/uploads\/2021\/07\/trio30-1024x682.jpg 1024w, https:\/\/mairie-splc.fr\/wp-content\/uploads\/2021\/07\/trio30-300x200.jpg 300w, https:\/\/mairie-splc.fr\/wp-content\/uploads\/2021\/07\/trio30-768x512.jpg 768w, https:\/\/mairie-splc.fr\/wp-content\/uploads\/2021\/07\/trio30.jpg 1094w\" sizes=\"(max-width: 1024px) 100vw, 1024px\" \/><\/figure>\n\n\n\n<figure class=\"wp-block-image size-large\"><a href=\"https:\/\/mairie-splc.fr\/wp-content\/uploads\/2021\/07\/cornemuse30.jpg\" target=\"_blank\" rel=\"noopener\"><img loading=\"lazy\" decoding=\"async\" width=\"1024\" height=\"682\" src=\"https:\/\/mairie-splc.fr\/wp-content\/uploads\/2021\/07\/cornemuse30-1024x682.jpg\" alt=\"\" class=\"wp-image-600\" srcset=\"https:\/\/mairie-splc.fr\/wp-content\/uploads\/2021\/07\/cornemuse30-1024x682.jpg 1024w, https:\/\/mairie-splc.fr\/wp-content\/uploads\/2021\/07\/cornemuse30-300x200.jpg 300w, https:\/\/mairie-splc.fr\/wp-content\/uploads\/2021\/07\/cornemuse30-768x512.jpg 768w, https:\/\/mairie-splc.fr\/wp-content\/uploads\/2021\/07\/cornemuse30.jpg 1094w\" sizes=\"(max-width: 1024px) 100vw, 1024px\" \/><\/a><figcaption>fin de journ\u00e9e sur le barrage de la valette avec un trio de musique contemporaine et deux sonneurs de cornemuse et un cor de chasse.<\/figcaption><\/figure>\n\n\n\n<figure class=\"wp-block-image size-large\"><a href=\"https:\/\/mairie-splc.fr\/wp-content\/uploads\/2021\/07\/groupe30.jpg\" target=\"_blank\" rel=\"noopener\"><img loading=\"lazy\" decoding=\"async\" width=\"1024\" height=\"682\" src=\"https:\/\/mairie-splc.fr\/wp-content\/uploads\/2021\/07\/groupe30-1024x682.jpg\" alt=\"\" class=\"wp-image-601\" srcset=\"https:\/\/mairie-splc.fr\/wp-content\/uploads\/2021\/07\/groupe30-1024x682.jpg 1024w, https:\/\/mairie-splc.fr\/wp-content\/uploads\/2021\/07\/groupe30-300x200.jpg 300w, https:\/\/mairie-splc.fr\/wp-content\/uploads\/2021\/07\/groupe30-768x512.jpg 768w, https:\/\/mairie-splc.fr\/wp-content\/uploads\/2021\/07\/groupe30-1536x1024.jpg 1536w, https:\/\/mairie-splc.fr\/wp-content\/uploads\/2021\/07\/groupe30.jpg 1685w\" sizes=\"(max-width: 1024px) 100vw, 1024px\" \/><\/a><figcaption>Photo des participants l&rsquo;apr\u00e8s midi sur le pr\u00e9 communal devant le monument aux champignons.<\/figcaption><\/figure>\n\n\n\n<figure class=\"wp-block-embed is-type-wp-embed is-provider-les-ateliers-du-spectacle wp-block-embed-les-ateliers-du-spectacle\"><div class=\"wp-block-embed__wrapper\">\nhttps:\/\/www.ateliers-du-spectacle.org\/saint-pardoux\/\n<\/div><\/figure>\n","protected":false},"excerpt":{"rendered":"<p>Peuple et culture, la commune de Saint Pardoux la Croisille, et son Amicale la\u00efque avaient appel\u00e9&nbsp;Zo\u00e9 Chantre et Jean Pierre Larroche pour transformer&nbsp;avec eux leur village, le temps de l\u2019\u00e9t\u00e9 2019, en Mus\u00e9e \u00e9ph\u00e9m\u00e8re. L&rsquo;inauguration des Curieux monuments (une vid\u00e9o de Zo\u00e9 Chantre) Les exploits personnels de Saint-Pardoux : Avoir un app\u00e9tit de loupL\u2019\u00e9plucher d\u2019un [&hellip;]<\/p>\n","protected":false},"author":1,"featured_media":0,"parent":0,"menu_order":0,"comment_status":"closed","ping_status":"closed","template":"","meta":{"site-sidebar-layout":"default","site-content-layout":"default","ast-site-content-layout":"default","site-content-style":"default","site-sidebar-style":"default","ast-global-header-display":"","ast-banner-title-visibility":"","ast-main-header-display":"","ast-hfb-above-header-display":"","ast-hfb-below-header-display":"","ast-hfb-mobile-header-display":"","site-post-title":"","ast-breadcrumbs-content":"","ast-featured-img":"","footer-sml-layout":"","ast-disable-related-posts":"","theme-transparent-header-meta":"default","adv-header-id-meta":"","stick-header-meta":"","header-above-stick-meta":"","header-main-stick-meta":"","header-below-stick-meta":"","astra-migrate-meta-layouts":"default","ast-page-background-enabled":"default","ast-page-background-meta":{"desktop":{"background-color":"","background-image":"","background-repeat":"repeat","background-position":"center center","background-size":"auto","background-attachment":"scroll","background-type":"","background-media":"","overlay-type":"","overlay-color":"","overlay-opacity":"","overlay-gradient":""},"tablet":{"background-color":"","background-image":"","background-repeat":"repeat","background-position":"center center","background-size":"auto","background-attachment":"scroll","background-type":"","background-media":"","overlay-type":"","overlay-color":"","overlay-opacity":"","overlay-gradient":""},"mobile":{"background-color":"","background-image":"","background-repeat":"repeat","background-position":"center center","background-size":"auto","background-attachment":"scroll","background-type":"","background-media":"","overlay-type":"","overlay-color":"","overlay-opacity":"","overlay-gradient":""}},"ast-content-background-meta":{"desktop":{"background-color":"var(--ast-global-color-5)","background-image":"","background-repeat":"repeat","background-position":"center center","background-size":"auto","background-attachment":"scroll","background-type":"","background-media":"","overlay-type":"","overlay-color":"","overlay-opacity":"","overlay-gradient":""},"tablet":{"background-color":"var(--ast-global-color-5)","background-image":"","background-repeat":"repeat","background-position":"center center","background-size":"auto","background-attachment":"scroll","background-type":"","background-media":"","overlay-type":"","overlay-color":"","overlay-opacity":"","overlay-gradient":""},"mobile":{"background-color":"var(--ast-global-color-5)","background-image":"","background-repeat":"repeat","background-position":"center center","background-size":"auto","background-attachment":"scroll","background-type":"","background-media":"","overlay-type":"","overlay-color":"","overlay-opacity":"","overlay-gradient":""}},"footnotes":""},"class_list":["post-430","page","type-page","status-publish","hentry"],"jetpack_sharing_enabled":true,"_links":{"self":[{"href":"https:\/\/mairie-splc.fr\/index.php\/wp-json\/wp\/v2\/pages\/430","targetHints":{"allow":["GET"]}}],"collection":[{"href":"https:\/\/mairie-splc.fr\/index.php\/wp-json\/wp\/v2\/pages"}],"about":[{"href":"https:\/\/mairie-splc.fr\/index.php\/wp-json\/wp\/v2\/types\/page"}],"author":[{"embeddable":true,"href":"https:\/\/mairie-splc.fr\/index.php\/wp-json\/wp\/v2\/users\/1"}],"replies":[{"embeddable":true,"href":"https:\/\/mairie-splc.fr\/index.php\/wp-json\/wp\/v2\/comments?post=430"}],"version-history":[{"count":25,"href":"https:\/\/mairie-splc.fr\/index.php\/wp-json\/wp\/v2\/pages\/430\/revisions"}],"predecessor-version":[{"id":768,"href":"https:\/\/mairie-splc.fr\/index.php\/wp-json\/wp\/v2\/pages\/430\/revisions\/768"}],"wp:attachment":[{"href":"https:\/\/mairie-splc.fr\/index.php\/wp-json\/wp\/v2\/media?parent=430"}],"curies":[{"name":"wp","href":"https:\/\/api.w.org\/{rel}","templated":true}]}}